3*l - 7. Let k(o) be the second derivative of 4*o**3/3 + o**2/2 + o. Is k(u) prime?
False
Suppose -4*x + 12 = 4*v, -4*v + v = -4*x - 2. Is (2 + -48)*(-1)/v a prime number?
True
Let g = -16 - -26. Let d = 122 - g. Suppose d = q - 105. Is q prime?
False
Let o(d) = -336*d**3 + 2*d + 1. Let l = 17 + -18. Is o(l) a prime number?
False
Suppose -264 = -2*z - z - 3*h, -2*h = -10. Is z composite?
False
Suppose -560 - 56 = -4*u. Let v be 5 + u + (0 - 2). Let y = v + 20. Is y prime?
False
Let x(i) = 25*i + 1. Let p(y) = 76*y + 2. Let t(h) = 2*p(h) - 7*x(h). Is t(-4) a prime number?
True
Suppose t + 559 - 2248 = 0. Is t a composite number?
True
Let m be (2*1)/(6/21). Let r(p) = 9*p + 2*p**2 - 3 - 6*p**2 - 4*p**2 + p**3. Is r(m) composite?
False
Let l be (-4)/((-2)/4*-1). Let q = -5 - l. Let n = q - -4. Is n a prime number?
True
Let r = 14 - 10. Suppose -3*c - 18 + 6 = -4*f, 0 = -2*c + 4*f - r. Is 0/c + (-298)/(-2) a prime number?
True
Is (28/10)/(12/60) a composite number?
True
Suppose 9 = 4*g + z, -2*g + g + 4 = 2*z. Suppose -4*x + g = -3*x. Suppose -2*u - 4*i + 102 = 0, 0 = -x*u + i + 47 + 55. Is u composite?
True
Let j(a) = 12*a - 3. Let k be j(2). Suppose -506 = -4*d + 58. Is d/k - (-4)/14 a composite number?
False
Let w = 447 + -262. Is w a composite number?
True
Suppose -x - 3*c - 1030 = -5*x, 4*x - 2*c = 1032. Is x a prime number?
False
Suppose -5*n = -9*n. Suppose -4*z + 17 + 203 = n. Is z prime?
False
Let w(h) = -h**2 - 6*h + 4. Let i be w(-7). Let c be i*1/(3/(-4)). Suppose 0 = -s - c*q + 135, -14 = -3*q - 2. Is s a prime number?
False
Let h = -119 - -184. Let d = 25 - 59. Let b = d + h. Is b a composite number?
False
Let y = 27 - -15. Let x = 1 - -1. Suppose x*b - y = 76. Is b composite?
False
Let k be -2 + (-3)/(-5 + 2). Let i be (2/4)/(k/(-210)). Suppose -5*x = -n - 348 - i, 0 = 2*x - 2*n - 178. Is x prime?
False
Let i be (-2)/(-7) - (-18)/(-14). Is (-3795)/(-18) + i/(-6) composite?
False
Let x(v) = 6*v**2 - v + 3. Is x(8) a composite number?
False
Let o(c) = -c**3 - 11*c**2 - 11*c - 11. Let s = -2 + -7. Let d be o(s). Let r = 167 + d. Is r a composite number?
True
Let l = 249 - -186. Let s be 1/(9/6 - 1). Suppose -g + l = s*g. Is g a prime number?
False
Let k = -5260 - -2912. Is (-9)/21 - k/7 a composite number?
True
Suppose 4*v - 3 = 2*u + 11, -3 = -3*u. Suppose 0 = t - v*t. Suppose t*w - 3*w + 195 = 0. Is w prime?
False
Let n(j) = -2*j - 4. Let t be n(-3). Suppose 0 = 4*y - y + 3*d - 354, y - t*d - 109 = 0. Is y a composite number?
True
Let w = 88 - -123. Is w prime?
True
Let w = -207 - -359. Suppose 1515 = 5*a - 4*b, 467 = 2*a + b - w. Is a composite?
False
Suppose 0 = -5*h + 24 + 1. Suppose 0 = -h*z + 81 + 59. Let k = z - -9. Is k prime?
True
Suppose 0 = -k + 153 + 38. Is k a prime number?
True
Suppose 5*y - 3460 = 5*s - 0*s, 1377 = 2*y + 5*s. Is y composite?
False
Suppose -b + 3*r + 64 = 0, -3*r - 62 = -b + 2*r. Is b prime?
True
Let f = 344 - 153. Is f composite?
False
Let d = 225 - 112. Is d a prime number?
True
Let n(m) = 2*m**2 + 2*m + 7. Let h(q) be the first derivative of -q**3/3 - 3*q**2 - 6*q + 2. Let b be h(-6). Is n(b) a composite number?
False
Suppose -1142 = 2*a - 4*l, -1007 = -5*a + 3*l - 3841. Let k = -224 - a. Is k a composite number?
True
Let u be 3/(-1) + (9 - 3). Suppose -5*c = h - 23, 4*h = u*c + 132 + 52. Is h composite?
False
Is ((-9783)/6)/3*-2 prime?
True
Suppose 0 = -g - 5*d + 27, g + 7*d - 17 = 4*d. Suppose m - 111 = -g*m. Is m a prime number?
True
Let v(j) = -375*j - 8. Let a be v(-5). Suppose 0*i = 5*i + 4*t - 1869, -5*i = 2*t - a. Is i composite?
False
Suppose y + 4 = 2*w, 3 = -4*y + 5*w - 4. Suppose 9*h - 5*d = 4*h + 5, -d + 3 = -y*h. Is 23/(-1)*(3 + h) prime?
True
Let j = -142 - -314. Suppose -u - 36 = 5*l, 4*u - 3*l + j - 51 = 0. Let i = u - -66. Is i a prime number?
False
Suppose 2*l + 2 + 6 = 0. Is (-3689)/(-85) + l/10 a composite number?
False
Suppose 10*t - 5*t + 1601 = 2*h, -2*h + 1603 = -3*t. Is h composite?
True
Let m(s) = -2*s**3 + 3*s**2 + 6*s. Is m(-5) a prime number?
False
Let o(g) = -g**3 + 21*g**2 + 4*g + 19. Is o(13) composite?
False
Suppose -4*k - k - 75 = 0. Suppose 7 = 3*g + 37. Is (-106)/g - 6/k prime?
True
Suppose -d = 2*w - 6, 2*w = -5*d - 3*w + 25. Suppose -2*g + d*g = 26. Is g a prime number?
True
Suppose 0*q + 30 = 3*q. Suppose -v + q = v. Is 1329/15 + 2/v composite?
False
Let s(q) = 3*q**2 - 3*q - 13. Is s(-9) prime?
True
Let h(j) = -j**3 - 2*j**2 + 2*j - 1. Let n be h(-3). Let z(w) = 40*w - 1. Is z(n) a composite number?
False
Let g(y) = -y**3 - 5*y**2 - 2*y - 7. Let m be g(-5). Let b = m + 7. Let u = 24 - b. Is u prime?
False
Let u(x) be the third derivative of x**4/24 + x**3/2 - 7*x**2. Is u(7) prime?
False
Let o(m) = 8*m**3 - 7*m**2 + 6*m - 4. Let q be o(4). Suppose 4*r = r + q. Suppose -5*p = -105 - r. Is p prime?
False
Suppose -230 = -2*z + v + 170, 824 = 4*z + 4*v. Is z a composite number?
True
Let u = -19 - -138. Let f = u + -66. Is f a composite number?
False
Let g = -3 + 5. Suppose 2*m + g + 0 = 0, -3*m = -2*f + 101. Is f composite?
True
Suppose -3*p - s = -21, 2*s = 2*p + 4*s - 14. Let u(l) = 4*l**2 + 8*l + 5. Let t be u(p). Suppose t - 49 = 2*w + 2*i, -4*w = 2*i - 426. Is w composite?
False
Suppose 1376 = -5*p + d + 6567, -5*d + 3137 = 3*p. Is p a prime number?
True
Let h = 8 - 4. Let w(g) = g**3 + 5*g**2 + 4*g + 4. Let z be w(-4). Suppose -z*i + 5*p + 0*p + 232 = 0, -174 = -3*i + h*p. Is i composite?
True
Let o be (-2 - -1)/(3/(-9)). Let i(k) = k**2 - k - 4. Let q be i(o). Suppose -3*g - 5 = q*g, -3*w - 3*g = -288. Is w composite?
False
Is (-8)/40 - (-3792)/10 a prime number?
True
Is (3 + -1)/(-6) + (-2392)/(-3) prime?
True
Let i(j) = 2 - 3*j**2 + 3*j - 25*j**3 + 26*j**3 + 2*j. Is i(5) a prime number?
False
Let h(g) = g**2 + 6*g + 1. Let r(q) = -q + 1. Let w(l) = 3*h(l) + 12*r(l). Is w(-6) a prime number?
False
Is (-128)/(1 + -2) - 1/1 composite?
False
Suppose -y + 5*y + 8 = 0. Let s be ((-2)/y)/((-2)/(-78)). Suppose k = -2*b + 173, -3*b + 281 = 5*k + s. Is b a composite number?
False
Let j be 0 + (7 - 1) + 0. Is (-2)/j - 206/(-6) prime?
False
Let y be -12*(15/(-12) + 2). Is 3*(0 + (-885)/y) a composite number?
True
Let l(b) = 2*b**2 - 5*b - 2. Is l(-3) prime?
True
Let v(j) = 543*j - 11. Is v(4) prime?
True
Suppose -5*n + 8380 = -2505. Is n prime?
False
Let c = -2 + 1. Let d be (-2 + c)/3 + 129. Suppose n - 3*u = 5*n - 277, d = 2*n - 2*u. Is n composite?
False
Suppose -3*j - 4*v = -463, 5*j - 298 - 527 = 4*v. Is j a prime number?
False
Let c(i) = -11*i**3 + 2*i**2 + 3*i + 2. Let p be c(-2). Suppose 173 = 5*j - p. Is j prime?
True
Let s = -941 - -1414. Is s composite?
True
Let f(n) = n + 1. Suppose o + 4 = 2*o. Let a be f(o). Suppose -21 = -3*h + 3*k, 5*k + 15 + 0 = -a*h. Is h composite?
False
Let l = 8 - 8. Is 2 + (42 - (-3 - l)) a prime number?
True
Suppose 5*o + 987 = -0*o + 3*m, -o - 199 = -m. Let p = o - -352. Is p composite?
False
Let p(b) = -b**2 + 0 + 4 - 3*b + 3*b**2 - 5. Is p(-2) a prime number?
True
Is (-6 - -4) + (321 - 2) a composite number?
False
Suppose -4 = -3*l + 14. Let x(c) = 8*c**2 - 6*c - 1. Is x(l) a composite number?
False
Let i = 1376 + -741. Let k = 42 + i. Is k a prime number?
True
Suppose -8 = 4*m, -2*h - 4*m = -7*h + 13. Is 85/(0 - -2 - h) composite?
True
Let u(g) = -172*g**3 + 3*g**2 + g - 1. Is u(-2) composite?
True
Let x(j) = 2*j**2 + 1 - 2 - 2. Suppose 3*h + 3*i + 21 = 0, 0*h + h = -5*i - 15. Is x(h) prime?
True
Suppose -s - 4*x - 4 = 0, -5*s - 2*x = -16 - 0. Suppose 435 = s*l + l. Is l a composite number?
True
Suppose 7 = -g + 26. Is g a composite number?
False
Let y = -39 - -75. Suppose 0*j - 4*o = -5*j, 4*j - y = -4*o. Suppose 14 = l - 6*u + j*u, -4*u = 0. Is l a composite number?
True
Let n = -9 - -11. Suppose 2*t - 18 = m, n*m + 2*m = 4*t - 28. Is t prime?
True
Is (3 - -219)*2/4 prime?
False
Suppose g = 1, 35 - 750 = -4*v + g. Is v a prime number?
True
Suppose 3*f = -2 - 13, -4*v + 3*f = -19. Suppose r + v = 3. Suppose 0*a = r*a - 42. Is a prime?
False
Is (1 + -3)/(12/(-1986)) a composite number?
False
Suppose -3 = -4*x + 2*p - 1, 3*p = -x + 18. Suppose 300 = x*l - 405. Is l a prime number?
False
Let d(t) = -22*t**3 - t**2 - t. Suppose -5 = 5*z - 3*c + 4*c, -3*c = 0. Is d(z) composite?
True
Let g = -11 + 17. Let f(x) = x**3 - 3*x*